{"id":11,"date":"2020-05-08T22:31:43","date_gmt":"2020-05-08T22:31:43","guid":{"rendered":"http:\/\/pixiacom.com.ar\/?page_id=11"},"modified":"2021-06-17T16:01:53","modified_gmt":"2021-06-17T16:01:53","slug":"inicio","status":"publish","type":"page","link":"https:\/\/pixiacom.com.ar\/","title":{"rendered":"Inicio"},"content":{"rendered":"<p>[et_pb_section bb_built=\u00bb1&#8243; fullwidth=\u00bbon\u00bb module_class=\u00bbpa-text-over-image\u00bb _builder_version=\u00bb3.21.1&#8243; z_index_tablet=\u00bb500&#8243; next_background_color=\u00bb#222222&#8243;][et_pb_fullwidth_image src=\u00bbhttp:\/\/pixiacom.com.ar\/wp-content\/uploads\/2020\/05\/portada22.jpg\u00bb _builder_version=\u00bb3.21.1&#8243; z_index_tablet=\u00bb500&#8243;]<\/p>\n<p>[\/et_pb_fullwidth_image][\/et_pb_section][et_pb_section bb_built=\u00bb1&#8243; _builder_version=\u00bb3.21.1&#8243; background_color=\u00bb#222222&#8243; custom_margin=\u00bb0px|0px|0px|0px\u00bb custom_css_main_element=\u00bbpadding:0px;\u00bb prev_background_color=\u00bb#ffffff\u00bb next_background_color=\u00bb#ffffff\u00bb][et_pb_row _builder_version=\u00bb3.0.48&#8243; background_size=\u00bbinitial\u00bb background_position=\u00bbtop_left\u00bb background_repeat=\u00bbrepeat\u00bb][et_pb_column type=\u00bb4_4&#8243;][et_pb_text _builder_version=\u00bb3.21.1&#8243; text_text_color=\u00bb#ffffff\u00bb text_font_size=\u00bb22px\u00bb text_line_height=\u00bb1.8em\u00bb z_index_tablet=\u00bb500&#8243; hover_enabled=\u00bb0&#8243; text_font_size_last_edited=\u00bbon|phone\u00bb text_font_size_phone=\u00bb14px\u00bb]<\/p>\n<p>Te ayudo a simplificar los sistemas de tu empresa o cooperativa implementando soluciones pr\u00e1cticas, a medida y seg\u00fan tus necesidades, para agilizar y facilitar tus tareas diarias. Gana tiempo, brinda calidad.<\/p>\n<p>[\/et_pb_text][\/et_pb_column][\/et_pb_row][\/et_pb_section][et_pb_section bb_built=\u00bb1&#8243; _builder_version=\u00bb3.0.47&#8243; prev_background_color=\u00bb#222222&#8243;][et_pb_row _builder_version=\u00bb3.0.48&#8243; background_size=\u00bbinitial\u00bb background_position=\u00bbtop_left\u00bb background_repeat=\u00bbrepeat\u00bb][et_pb_column type=\u00bb1_3&#8243;][et_pb_text _builder_version=\u00bb3.21.1&#8243; text_font_size=\u00bb16px\u00bb header_2_font=\u00bbPoppins||||||||\u00bb animation_style=\u00bbfade\u00bb z_index_tablet=\u00bb500&#8243;]<\/p>\n<p>\n<center><br \/><i class=\"far fa-newspaper fa-7x\"><\/i>&nbsp;<\/center><\/p>\n<h2 style=\"text-align: center;\">FACTURA ELECTRONICA<\/h2>\n<p>Entreg\u00e1 las facturas de tu cooperativa a tus asociados de manera simple, digital y sin papel. Ahorr\u00e1 tiempo en log\u00edstica y distribuci\u00f3n. Se adapta al funcionamiento de entes gubernamentales o empresas privadas.<\/p>\n<p><center><a class=\"btn-action\" href=\"\/index.php\/factura-electronica\/\">M\u00e1s Informaci\u00f3n<\/a><\/center>&nbsp;<\/p>\n<p>[\/et_pb_text][\/et_pb_column][et_pb_column type=\u00bb1_3&#8243;][et_pb_text _builder_version=\u00bb3.21.1&#8243; text_font_size=\u00bb16px\u00bb header_2_font=\u00bbPoppins||||||||\u00bb animation_style=\u00bbfade\u00bb hover_transition_delay=\u00bb150ms\u00bb z_index_tablet=\u00bb500&#8243;]<\/p>\n<p><center><br \/><i class=\"fas fa-tachometer-alt fa-7x\"><\/i><\/center><\/p>\n<h2 style=\"text-align: center;\">Quo Toma Estados<\/h2>\n<p>Tomar los estados de los medidores de agua y energ\u00eda domiciliarios nunca fue mas f\u00e1cil y seguro. Quo Toma Estados es una aplicaci\u00f3n pensada para simplificar el proceso, analizar los resultados y realizar una facturaci\u00f3n libre de errores.<\/p>\n<p><center><a class=\"btn-action\" href=\"\/index.php\/toma-de-estados\/\">M\u00e1s Informaci\u00f3n<\/a><\/center><\/p>\n<p>[\/et_pb_text][\/et_pb_column][et_pb_column type=\u00bb1_3&#8243;][et_pb_text _builder_version=\u00bb3.21.1&#8243; text_font_size=\u00bb16px\u00bb header_2_font=\u00bbPoppins||||||||\u00bb animation_style=\u00bbfade\u00bb hover_transition_delay=\u00bb300ms\u00bb z_index_tablet=\u00bb500&#8243;]<\/p>\n<p>\n<center><br \/><i class=\"fas fa-user-md fa-7x\"><\/i><\/center><\/p>\n<h2 style=\"text-align: center;\">CONSULTORIA<\/h2>\n<p>Estoy seguro de que puedo ayudarte a encontrar la soluci\u00f3n a tu problema gracias a mis servicios de consultor\u00eda en redes IP, mantenimiento de servidores y\u00a0 sistemas de software. Consultor web avanzado para agencias.<\/p>\n<p><center><a class=\"btn-action\" href=\"\/index.php\/consultoria\/\">M\u00e1s Informaci\u00f3n<\/a><\/center><\/p>\n<p>[\/et_pb_text][\/et_pb_column][\/et_pb_row][et_pb_row _builder_version=\u00bb3.21.1&#8243; background_color=\u00bb#008ad4&#8243; z_index_tablet=\u00bb500&#8243;][et_pb_column type=\u00bb4_4&#8243;][et_pb_text _builder_version=\u00bb3.21.1&#8243; z_index_tablet=\u00bb500&#8243; text_font_size=\u00bb18px\u00bb custom_margin=\u00bb5%|5%|5%|5%\u00bb text_text_color=\u00bb#ffffff\u00bb]<\/p>\n<p>Nos especializamos en desarrollar soluciones de software para Cooperativas de Servicios P\u00fablicos. Porque conocemos tus necesidades, problem\u00e1ticas y el esfuerzo que hacen para que los asociados tengan mejores servicios, en Pixiacom brindamos soluciones a tu justa medida.<\/p>\n<p>[\/et_pb_text][\/et_pb_column][\/et_pb_row][et_pb_row _builder_version=\u00bb3.0.48&#8243; background_size=\u00bbinitial\u00bb background_position=\u00bbtop_left\u00bb background_repeat=\u00bbrepeat\u00bb][et_pb_column type=\u00bb4_4&#8243;][et_pb_text admin_label=\u00bbTitulo\u00bb _builder_version=\u00bb3.21.1&#8243; header_font=\u00bbPoppins||||||||\u00bb z_index_tablet=\u00bb500&#8243;]<\/p>\n<h1 style=\"text-align: center;\">Lo que mis clientes dicen<\/h1>\n<p>[\/et_pb_text][et_pb_team_member _builder_version=\u00bb3.21.1&#8243; name=\u00bbMatias Messa\u00bb position=\u00bbGerente Telecomunicaciones | Cooperativa El\u00e9ctrica Pig\u00fc\u00e9\u00bb image_url=\u00bbhttp:\/\/pixiacom.com.ar\/wp-content\/uploads\/2020\/05\/LOGO_CELP.png\u00bb link_option_url=\u00bbhttp:\/\/www.celpigue.com.ar\/\u00bb link_option_url_new_window=\u00bbon\u00bb z_index_tablet=\u00bb500&#8243;]<\/p>\n<p>Anteriormente se realizaban env\u00edos manuales de las mismas por lo que se cubrio con la demanda de los usuarios no residentes en Pig\u00fc\u00e9 los cuales exig\u00edan disponer de este sistema para conocer el detalle de sus facturas y poder abonar las mismas conociendo su gastos. A su vez ofrecerle a los socios que residen en Pig\u00fc\u00e9 poder ver sus facturas en la web, mostrando una visi\u00f3n comprometida de la cooperativa con el socio ofreciendo herramientas que facilitan el acceso a su informaci\u00f3n.<\/p>\n<p>[\/et_pb_team_member][et_pb_team_member _builder_version=\u00bb3.21.1&#8243; name=\u00bbJavier Montes\u00bb position=\u00bbGerente Cooperativa El\u00e9ctrica de Espartillar| Gerente Nodo Coop\u00bb image_url=\u00bbhttp:\/\/pixiacom.com.ar\/wp-content\/uploads\/2020\/05\/nodocoop.jpg\u00bb link_option_url=\u00bbhttp:\/\/www.nodocoop.com.ar\/\u00bb link_option_url_new_window=\u00bbon\u00bb z_index_tablet=\u00bb500&#8243;]<\/p>\n<p>Los asociados a la Cooperativa estan muy conformes con la entrega online de la facturas, y con la implementaci\u00f3n de \u00abFactura Electr\u00f3nica\u00bb descartamos los problemas del correo tradicional.<\/p>\n<p>[\/et_pb_team_member][et_pb_team_member _builder_version=\u00bb3.21.1&#8243; name=\u00bbLaura Fern\u00e1ndez \u00bb image_url=\u00bbhttp:\/\/pixiacom.com.ar\/wp-content\/uploads\/2020\/05\/celt-logo.jpg\u00bb link_option_url=\u00bbResponsable de Facturaci\u00f3n | Cooperativa El\u00e9ctrica de Tornquist\u00bb link_option_url_new_window=\u00bbon\u00bb z_index_tablet=\u00bb500&#8243;]<\/p>\n<p>Tenemos socios bastante reticentes a la tecnolog\u00eda, pero puedo asegurar que por el tema del COVID-19, haber tenido armado el sistema de Factura Electr\u00f3nica, muchos de ellos lo han comenzado a usar, y nos sirve much\u00edsimo como herramienta para llegar a los asociados.<\/p>\n<p>[\/et_pb_team_member][et_pb_team_member _builder_version=\u00bb3.21.1&#8243; name=\u00bbMario Sensini\u00bb image_url=\u00bbhttp:\/\/pixiacom.com.ar\/wp-content\/uploads\/2020\/05\/coopersive.jpg\u00bb z_index_tablet=\u00bb500&#8243; position=\u00bbPresidente |Cooperativa El\u00e9ctrica de Sierra de la Ventana\u00bb]<\/p>\n<p>Tiene una gran disposici\u00f3n en evacuar cualquier consulta que le hacemos y despejar\u00a0 dudas que se presenta en el devenir diario de nuestra actividad!!!.<\/p>\n<p>[\/et_pb_team_member][et_pb_text _builder_version=\u00bb3.21.1&#8243; text_font_size=\u00bb16px\u00bb header_2_font=\u00bbPoppins||||||||\u00bb animation_style=\u00bbfade\u00bb z_index_tablet=\u00bb500&#8243;]<\/p>\n<hr>\n<p><center><a class=\"btn-action\" href=\"\/index.php\/sobre-mi\/\" style=\"background-color:#1C8EC8;\">Te cuento sobre mi<\/a><\/center><\/p>\n<p>[\/et_pb_text][\/et_pb_column][\/et_pb_row][\/et_pb_section]<\/p>\n","protected":false},"excerpt":{"rendered":"<p>[et_pb_section bb_built=\u00bb1&#8243; fullwidth=\u00bbon\u00bb module_class=\u00bbpa-text-over-image\u00bb _builder_version=\u00bb3.21.1&#8243; z_index_tablet=\u00bb500&#8243; next_background_color=\u00bb#222222&#8243;][et_pb_fullwidth_image src=\u00bbhttp:\/\/pixiacom.com.ar\/wp-content\/uploads\/2020\/05\/portada22.jpg\u00bb _builder_version=\u00bb3.21.1&#8243; z_index_tablet=\u00bb500&#8243;] [\/et_pb_fullwidth_image][\/et_pb_section][et_pb_section bb_built=\u00bb1&#8243; _builder_version=\u00bb3.21.1&#8243; background_color=\u00bb#222222&#8243; custom_margin=\u00bb0px|0px|0px|0px\u00bb custom_css_main_element=\u00bbpadding:0px;\u00bb prev_background_color=\u00bb#ffffff\u00bb next_background_color=\u00bb#ffffff\u00bb][et_pb_row _builder_version=\u00bb3.0.48&#8243; background_size=\u00bbinitial\u00bb background_position=\u00bbtop_left\u00bb background_repeat=\u00bbrepeat\u00bb][et_pb_column type=\u00bb4_4&#8243;][et_pb_text _builder_version=\u00bb3.21.1&#8243; text_text_color=\u00bb#ffffff\u00bb text_font_size=\u00bb22px\u00bb text_line_height=\u00bb1.8em\u00bb z_index_tablet=\u00bb500&#8243; hover_enabled=\u00bb0&#8243; text_font_size_last_edited=\u00bbon|phone\u00bb text_font_size_phone=\u00bb14px\u00bb] Te ayudo a simplificar los sistemas de tu empresa o cooperativa implementando soluciones pr\u00e1cticas, a medida y seg\u00fan tus necesidades, para agilizar y facilitar [&hellip;]<\/p>\n","protected":false},"author":2,"featured_media":0,"parent":0,"menu_order":0,"comment_status":"closed","ping_status":"closed","template":"","meta":{"_et_pb_use_builder":"on","_et_pb_old_content":""},"yoast_head":"<!-- This site is optimized with the Yoast SEO plugin v21.8.1 - https:\/\/yoast.com\/wordpress\/plugins\/seo\/ -->\n<title>Inicio - Pixiacom<\/title>\n<meta name=\"robots\" content=\"index, follow, max-snippet:-1, max-image-preview:large, max-video-preview:-1\" \/>\n<link rel=\"canonical\" href=\"https:\/\/pixiacom.com.ar\/\" \/>\n<meta property=\"og:locale\" content=\"es_ES\" \/>\n<meta property=\"og:type\" content=\"article\" \/>\n<meta property=\"og:title\" content=\"Inicio - Pixiacom\" \/>\n<meta property=\"og:description\" content=\"[et_pb_section bb_built=\u00bb1&#8243; fullwidth=\u00bbon\u00bb module_class=\u00bbpa-text-over-image\u00bb _builder_version=\u00bb3.21.1&#8243; z_index_tablet=\u00bb500&#8243; next_background_color=\u00bb#222222&#8243;][et_pb_fullwidth_image src=\u00bbhttp:\/\/pixiacom.com.ar\/wp-content\/uploads\/2020\/05\/portada22.jpg\u00bb _builder_version=\u00bb3.21.1&#8243; z_index_tablet=\u00bb500&#8243;] [\/et_pb_fullwidth_image][\/et_pb_section][et_pb_section bb_built=\u00bb1&#8243; _builder_version=\u00bb3.21.1&#8243; background_color=\u00bb#222222&#8243; custom_margin=\u00bb0px|0px|0px|0px\u00bb custom_css_main_element=\u00bbpadding:0px;\u00bb prev_background_color=\u00bb#ffffff\u00bb next_background_color=\u00bb#ffffff\u00bb][et_pb_row _builder_version=\u00bb3.0.48&#8243; background_size=\u00bbinitial\u00bb background_position=\u00bbtop_left\u00bb background_repeat=\u00bbrepeat\u00bb][et_pb_column type=\u00bb4_4&#8243;][et_pb_text _builder_version=\u00bb3.21.1&#8243; text_text_color=\u00bb#ffffff\u00bb text_font_size=\u00bb22px\u00bb text_line_height=\u00bb1.8em\u00bb z_index_tablet=\u00bb500&#8243; hover_enabled=\u00bb0&#8243; text_font_size_last_edited=\u00bbon|phone\u00bb text_font_size_phone=\u00bb14px\u00bb] Te ayudo a simplificar los sistemas de tu empresa o cooperativa implementando soluciones pr\u00e1cticas, a medida y seg\u00fan tus necesidades, para agilizar y facilitar [&hellip;]\" \/>\n<meta property=\"og:url\" content=\"https:\/\/pixiacom.com.ar\/\" \/>\n<meta property=\"og:site_name\" content=\"Pixiacom\" \/>\n<meta property=\"article:modified_time\" content=\"2021-06-17T16:01:53+00:00\" \/>\n<meta name=\"twitter:card\" content=\"summary_large_image\" \/>\n<meta name=\"twitter:label1\" content=\"Tiempo de lectura\" \/>\n\t<meta name=\"twitter:data1\" content=\"5 minutos\" \/>\n<script type=\"application\/ld+json\" class=\"yoast-schema-graph\">{\"@context\":\"https:\/\/schema.org\",\"@graph\":[{\"@type\":\"WebPage\",\"@id\":\"https:\/\/pixiacom.com.ar\/\",\"url\":\"https:\/\/pixiacom.com.ar\/\",\"name\":\"Inicio - Pixiacom\",\"isPartOf\":{\"@id\":\"https:\/\/pixiacom.com.ar\/#website\"},\"datePublished\":\"2020-05-08T22:31:43+00:00\",\"dateModified\":\"2021-06-17T16:01:53+00:00\",\"breadcrumb\":{\"@id\":\"https:\/\/pixiacom.com.ar\/#breadcrumb\"},\"inLanguage\":\"es\",\"potentialAction\":[{\"@type\":\"ReadAction\",\"target\":[\"https:\/\/pixiacom.com.ar\/\"]}]},{\"@type\":\"BreadcrumbList\",\"@id\":\"https:\/\/pixiacom.com.ar\/#breadcrumb\",\"itemListElement\":[{\"@type\":\"ListItem\",\"position\":1,\"name\":\"Portada\",\"item\":\"https:\/\/pixiacom.com.ar\/\"},{\"@type\":\"ListItem\",\"position\":2,\"name\":\"Inicio\"}]},{\"@type\":\"WebSite\",\"@id\":\"https:\/\/pixiacom.com.ar\/#website\",\"url\":\"https:\/\/pixiacom.com.ar\/\",\"name\":\"Pixiacom\",\"description\":\"Ingenier\u00eda en Sistemas\",\"potentialAction\":[{\"@type\":\"SearchAction\",\"target\":{\"@type\":\"EntryPoint\",\"urlTemplate\":\"https:\/\/pixiacom.com.ar\/?s={search_term_string}\"},\"query-input\":\"required name=search_term_string\"}],\"inLanguage\":\"es\"}]}<\/script>\n<!-- \/ Yoast SEO plugin. -->","yoast_head_json":{"title":"Inicio - Pixiacom","robots":{"index":"index","follow":"follow","max-snippet":"max-snippet:-1","max-image-preview":"max-image-preview:large","max-video-preview":"max-video-preview:-1"},"canonical":"https:\/\/pixiacom.com.ar\/","og_locale":"es_ES","og_type":"article","og_title":"Inicio - Pixiacom","og_description":"[et_pb_section bb_built=\u00bb1&#8243; fullwidth=\u00bbon\u00bb module_class=\u00bbpa-text-over-image\u00bb _builder_version=\u00bb3.21.1&#8243; z_index_tablet=\u00bb500&#8243; next_background_color=\u00bb#222222&#8243;][et_pb_fullwidth_image src=\u00bbhttp:\/\/pixiacom.com.ar\/wp-content\/uploads\/2020\/05\/portada22.jpg\u00bb _builder_version=\u00bb3.21.1&#8243; z_index_tablet=\u00bb500&#8243;] [\/et_pb_fullwidth_image][\/et_pb_section][et_pb_section bb_built=\u00bb1&#8243; _builder_version=\u00bb3.21.1&#8243; background_color=\u00bb#222222&#8243; custom_margin=\u00bb0px|0px|0px|0px\u00bb custom_css_main_element=\u00bbpadding:0px;\u00bb prev_background_color=\u00bb#ffffff\u00bb next_background_color=\u00bb#ffffff\u00bb][et_pb_row _builder_version=\u00bb3.0.48&#8243; background_size=\u00bbinitial\u00bb background_position=\u00bbtop_left\u00bb background_repeat=\u00bbrepeat\u00bb][et_pb_column type=\u00bb4_4&#8243;][et_pb_text _builder_version=\u00bb3.21.1&#8243; text_text_color=\u00bb#ffffff\u00bb text_font_size=\u00bb22px\u00bb text_line_height=\u00bb1.8em\u00bb z_index_tablet=\u00bb500&#8243; hover_enabled=\u00bb0&#8243; text_font_size_last_edited=\u00bbon|phone\u00bb text_font_size_phone=\u00bb14px\u00bb] Te ayudo a simplificar los sistemas de tu empresa o cooperativa implementando soluciones pr\u00e1cticas, a medida y seg\u00fan tus necesidades, para agilizar y facilitar [&hellip;]","og_url":"https:\/\/pixiacom.com.ar\/","og_site_name":"Pixiacom","article_modified_time":"2021-06-17T16:01:53+00:00","twitter_card":"summary_large_image","twitter_misc":{"Tiempo de lectura":"5 minutos"},"schema":{"@context":"https:\/\/schema.org","@graph":[{"@type":"WebPage","@id":"https:\/\/pixiacom.com.ar\/","url":"https:\/\/pixiacom.com.ar\/","name":"Inicio - Pixiacom","isPartOf":{"@id":"https:\/\/pixiacom.com.ar\/#website"},"datePublished":"2020-05-08T22:31:43+00:00","dateModified":"2021-06-17T16:01:53+00:00","breadcrumb":{"@id":"https:\/\/pixiacom.com.ar\/#breadcrumb"},"inLanguage":"es","potentialAction":[{"@type":"ReadAction","target":["https:\/\/pixiacom.com.ar\/"]}]},{"@type":"BreadcrumbList","@id":"https:\/\/pixiacom.com.ar\/#breadcrumb","itemListElement":[{"@type":"ListItem","position":1,"name":"Portada","item":"https:\/\/pixiacom.com.ar\/"},{"@type":"ListItem","position":2,"name":"Inicio"}]},{"@type":"WebSite","@id":"https:\/\/pixiacom.com.ar\/#website","url":"https:\/\/pixiacom.com.ar\/","name":"Pixiacom","description":"Ingenier\u00eda en Sistemas","potentialAction":[{"@type":"SearchAction","target":{"@type":"EntryPoint","urlTemplate":"https:\/\/pixiacom.com.ar\/?s={search_term_string}"},"query-input":"required name=search_term_string"}],"inLanguage":"es"}]}},"_links":{"self":[{"href":"https:\/\/pixiacom.com.ar\/index.php\/wp-json\/wp\/v2\/pages\/11"}],"collection":[{"href":"https:\/\/pixiacom.com.ar\/index.php\/wp-json\/wp\/v2\/pages"}],"about":[{"href":"https:\/\/pixiacom.com.ar\/index.php\/wp-json\/wp\/v2\/types\/page"}],"author":[{"embeddable":true,"href":"https:\/\/pixiacom.com.ar\/index.php\/wp-json\/wp\/v2\/users\/2"}],"replies":[{"embeddable":true,"href":"https:\/\/pixiacom.com.ar\/index.php\/wp-json\/wp\/v2\/comments?post=11"}],"version-history":[{"count":91,"href":"https:\/\/pixiacom.com.ar\/index.php\/wp-json\/wp\/v2\/pages\/11\/revisions"}],"predecessor-version":[{"id":544,"href":"https:\/\/pixiacom.com.ar\/index.php\/wp-json\/wp\/v2\/pages\/11\/revisions\/544"}],"wp:attachment":[{"href":"https:\/\/pixiacom.com.ar\/index.php\/wp-json\/wp\/v2\/media?parent=11"}],"curies":[{"name":"wp","href":"https:\/\/api.w.org\/{rel}","templated":true}]}}