{"id":17,"date":"2020-05-08T22:43:08","date_gmt":"2020-05-08T22:43:08","guid":{"rendered":"http:\/\/pixiacom.com.ar\/?page_id=17"},"modified":"2021-09-06T17:15:10","modified_gmt":"2021-09-06T17:15:10","slug":"factura-electronica","status":"publish","type":"page","link":"https:\/\/pixiacom.com.ar\/index.php\/factura-electronica\/","title":{"rendered":"Factura Electr\u00f3nica"},"content":{"rendered":"<p>[et_pb_section bb_built=\u00bb1&#8243; _builder_version=\u00bb3.0.47&#8243;][et_pb_row _builder_version=\u00bb3.0.48&#8243; background_size=\u00bbinitial\u00bb background_position=\u00bbtop_left\u00bb background_repeat=\u00bbrepeat\u00bb][et_pb_column type=\u00bb4_4&#8243;][et_pb_text _builder_version=\u00bb3.21.1&#8243; text_font_size=\u00bb16px\u00bb z_index_tablet=\u00bb500&#8243;]<\/p>\n<p>As\u00ed como me lo cuentan mis clientes, se muy bien que imprimir y enviar las facturas de tus abonados, asociados o clientes es una tarea que lleva varias horas de trabajo y que en muchas oportunidades, cuando la zona de distribuci\u00f3n es amplia, ni siquiera llegan a destino a tiempo. Esto genera moras, disconformidad en los servicios prestados, aumentando la cantidad de reclamos que se deben atender d\u00eda a d\u00eda.<\/p>\n<p>La soluci\u00f3n a todos estos problemas es mi sistema<strong> Factura Electr\u00f3nica<\/strong>, haciendo la entrega de facturas de manera totalmente digital y autom\u00e1tica. Factura Electr\u00f3nica permite que sus abonados, asociados o clientes obtengan las facturas que deben pagar directamente desde el sitio web de su empresa, siendo al mismo tiempo notificados v\u00eda email sobre la disponibilidad de las nuevas facturas.<\/p>\n<p>[\/et_pb_text][\/et_pb_column][\/et_pb_row][et_pb_row _builder_version=\u00bb3.21.1&#8243;][et_pb_column type=\u00bb1_2&#8243;][et_pb_image src=\u00bbhttp:\/\/pixiacom.com.ar\/wp-content\/uploads\/2020\/05\/lleno-de-papelesx648.jpg\u00bb _builder_version=\u00bb3.21.1&#8243;]<\/p>\n<p><\/p>\n<p>[\/et_pb_image][\/et_pb_column][et_pb_column type=\u00bb1_2&#8243;][et_pb_text _builder_version=\u00bb3.21.1&#8243; text_font=\u00bb||||||||\u00bb text_font_size=\u00bb16px\u00bb]<\/p>\n<p><strong>\u00bfQue hace por vos Factura Electr\u00f3nica?<\/strong><\/p>\n<p><strong><\/strong><\/p>\n<ul>\n<li>Distribuye la facturaci\u00f3n de su empresa o cooperativa de servicios en forma digital y automatizada.<\/li>\n<li>Env\u00eda notificaciones por email sobre la disponibilidad de nuevas facturas a ser pagadas.<\/li>\n<li>Env\u00eda notificaciones por WhatsApp sobre la disponibilidad de nuevas facturas a ser pagadas.<\/li>\n<li>Indica si adeuda o no facturas anteriores a tus abonados, asociados o clientes.<\/li>\n<li>Se integra con cualquier sitio web.<\/li>\n<li>Se integra con cualquier sistema de facturaci\u00f3n o gesti\u00f3n comercial.<\/li>\n<li>Soporta facturaci\u00f3n de m\u00faltiples servicios.<\/li>\n<li>Permite que los usuarios autogestionen su informaci\u00f3n de contacto.<\/li>\n<li>Brinda soporte y actualizaci\u00f3n constante.<\/li>\n<\/ul>\n<p>[\/et_pb_text][\/et_pb_column][\/et_pb_row][et_pb_row _builder_version=\u00bb3.21.1&#8243;][et_pb_column type=\u00bb1_2&#8243;][et_pb_image src=\u00bbhttp:\/\/pixiacom.com.ar\/wp-content\/uploads\/2020\/05\/todo-ok.jpg\u00bb _builder_version=\u00bb3.21.1&#8243;]<\/p>\n<p><\/p>\n<p>[\/et_pb_image][\/et_pb_column][et_pb_column type=\u00bb1_2&#8243;][et_pb_text _builder_version=\u00bb3.21.1&#8243; text_font=\u00bb||||||||\u00bb text_font_size=\u00bb16px\u00bb]<\/p>\n<p><strong>\u00bfQu\u00e9 ganas implementando Factura Electr\u00f3nica?<\/strong><\/p>\n<p><strong><\/strong><\/p>\n<ul>\n<li>Reduc\u00eds\u00a0 los tiempos de facturaci\u00f3n<\/li>\n<li>Reduc\u00eds\u00a0 la tasa de mora<\/li>\n<li>Reduc\u00eds\u00a0 los gastos y la log\u00edstica de distribuci\u00f3n<\/li>\n<li>Reduc\u00eds\u00a0 el gasto en formularios continuos e imprenta<\/li>\n<li>Reduc\u00eds el gasto que te genera el correo convencional<\/li>\n<li>Aportas al cuidado de la ecolog\u00eda al no usar papel<\/li>\n<li>Mantenes una base de datos actualizada con la informaci\u00f3n de contacto de tus abonados, asociados o clientes.<\/li>\n<\/ul>\n<p>[\/et_pb_text][\/et_pb_column][\/et_pb_row][et_pb_row _builder_version=\u00bb3.21.1&#8243;][et_pb_column type=\u00bb4_4&#8243;][et_pb_divider _builder_version=\u00bb3.21.1&#8243;]<\/p>\n<p><\/p>\n<p>[\/et_pb_divider][et_pb_text _builder_version=\u00bb3.21.1&#8243; header_font=\u00bbPoppins||||||||\u00bb header_2_font=\u00bb||||||||\u00bb]<\/p>\n<h2>Conoc\u00e9 las opiniones de las cooperativas que usan el sistema \u00abFactura Electr\u00f3nica\u00bb<\/h2>\n<p>[\/et_pb_text][et_pb_team_member name=\u00bbJavier Montes\u00bb position=\u00bbGerente Cooperativa El\u00e9ctrica de Espartillar| Gerente Nodo Coop\u00bb image_url=\u00bbhttp:\/\/pixiacom.com.ar\/wp-content\/uploads\/2020\/05\/nodocoop.jpg\u00bb _builder_version=\u00bb3.21.1&#8243; link_option_url=\u00bbhttp:\/\/www.nodocoop.com.ar\/\u00bb link_option_url_new_window=\u00bbon\u00bb]<\/p>\n<p><span>Los asociados a la Cooperativa estan muy conformes con la entrega online de la facturas, y con la implementaci\u00f3n de \u00abFactura Electr\u00f3nica\u00bb descartamos los problemas del correo tradicional.<\/span><\/p>\n<p>[\/et_pb_team_member][et_pb_team_member name=\u00bbLaura Fernandez\u00bb position=\u00bbResponsable de Facturaci\u00f3n | Cooperativa El\u00e9ctrica de Tornquist\u00bb image_url=\u00bbhttp:\/\/pixiacom.com.ar\/wp-content\/uploads\/2020\/05\/celt-logo.jpg\u00bb _builder_version=\u00bb3.21.1&#8243; link_option_url=\u00bbhttp:\/\/www.celt.com.ar\u00bb link_option_url_new_window=\u00bbon\u00bb]<\/p>\n<p><span>Tenemos socios bastante reticentes a la tecnolog\u00eda, pero puedo asegurar que por el tema del COVID-19, haber tenido armado el sistema de Factura Electr\u00f3nica, muchos de ellos lo han comenzado a usar, y nos sirve much\u00edsimo como herramienta para llegar a los asociados.<\/span><\/p>\n<p>[\/et_pb_team_member][et_pb_team_member name=\u00bbMatias Messa\u00bb position=\u00bbGerente Telecomunicaciones | Cooperativa El\u00e9ctrica Pig\u00fc\u00e9\u00bb image_url=\u00bbhttp:\/\/pixiacom.com.ar\/wp-content\/uploads\/2020\/05\/LOGO_CELP.png\u00bb _builder_version=\u00bb3.21.1&#8243; link_option_url=\u00bbhttp:\/\/www.celpigue.com.ar\/\u00bb link_option_url_new_window=\u00bbon\u00bb]<\/p>\n<p><span>Anteriormente se realizaban env\u00edos manuales de las mismas por lo que se cubrio con la demanda de los usuarios no residentes en Pig\u00fc\u00e9 los cuales exig\u00edan disponer de este sistema para conocer el detalle de sus facturas y poder abonar las mismas conociendo su gastos. A su vez ofrecerle a los socios que residen en Pig\u00fc\u00e9 poder ver sus facturas en la web, mostrando una visi\u00f3n comprometida de la cooperativa con el socio ofreciendo herramientas que facilitan el acceso a su informaci\u00f3n.<\/span><\/p>\n<p>[\/et_pb_team_member][et_pb_team_member name=\u00bbMario Ricardo Sensini\u00bb position=\u00bbPresidente |Cooperativa El\u00e9ctrica de Sierra de la Ventana\u00bb image_url=\u00bbhttp:\/\/pixiacom.com.ar\/wp-content\/uploads\/2020\/05\/coopersive.jpg\u00bb _builder_version=\u00bb3.21.1&#8243; link_option_url=\u00bbhttp:\/\/coopersive.coop\/\u00bb link_option_url_new_window=\u00bbon\u00bb]<\/p>\n<p><span>Hubo una gran aceptaci\u00f3n de parte de los asociados de nuestra cooperativa y ya hay muchos de ellos entran a nuestra Web y bajan su factura. Una gran soluci\u00f3n para los asociados que no residen en la localidad.<\/span><\/p>\n<p>[\/et_pb_team_member][et_pb_team_member name=\u00bbAdriana Wagner\u00bb position=\u00bbEncargada Facturaci\u00f3n | Cooperativa El\u00e9ctrica de Pig\u00fc\u00e9\u00bb image_url=\u00bbhttp:\/\/pixiacom.com.ar\/wp-content\/uploads\/2020\/05\/LOGO_CELP.png\u00bb _builder_version=\u00bb3.21.1&#8243; link_option_url=\u00bbhttp:\/\/www.celpigue.com.ar\/\u00bb link_option_url_new_window=\u00bbon\u00bb]<\/p>\n<p><span>El beneficio ya obtenido es el no envio por el correo tradicional las facturas fuera de la localidad y a medida que se van incremnetando los usuarios que bajan su factura de la pagina son cada vez menos los que la reciben en formato papel al domicilio.<\/span><\/p>\n<p>[\/et_pb_team_member][et_pb_team_member name=\u00bbFabi\u00e1n Delgado\u00bb position=\u00bbGerente |Cooperativa El\u00e9ctrica de Sierra de la Ventana\u00bb image_url=\u00bbhttp:\/\/pixiacom.com.ar\/wp-content\/uploads\/2020\/05\/coopersive.jpg\u00bb _builder_version=\u00bb3.21.1&#8243; link_option_url=\u00bbhttp:\/\/coopersive.coop\/\u00bb link_option_url_new_window=\u00bbon\u00bb]<\/p>\n<p><span>Estamos en el proceso de que el usuario se adhiera a la Factura Electr\u00f3nica. Desde que implementamos el sistema se simplific\u00f3 mucho el hacer llegar las facturas a las personas que no residen en la localidad. Es muy interesante la posibilidad de comunicaci\u00f3n con el usuario v\u00eda mail tambi\u00e9n.<\/span><\/p>\n<p>[\/et_pb_team_member][et_pb_code admin_label=\u00bbFormulario de Contacto\u00bb _builder_version=\u00bb3.21.1&#8243; z_index_tablet=\u00bb500&#8243;]\n<div class=\"wpcf7 no-js\" id=\"wpcf7-f549-o1\" lang=\"es-ES\" dir=\"ltr\">\n<div class=\"screen-reader-response\"><p role=\"status\" aria-live=\"polite\" aria-atomic=\"true\"><\/p> <ul><\/ul><\/div>\n<form action=\"\/index.php\/wp-json\/wp\/v2\/pages\/17#wpcf7-f549-o1\" method=\"post\" class=\"wpcf7-form init\" aria-label=\"Formulario de contacto\" novalidate=\"novalidate\" data-status=\"init\">\n<div style=\"display: none;\">\n<input type=\"hidden\" name=\"_wpcf7\" value=\"549\" \/>\n<input type=\"hidden\" name=\"_wpcf7_version\" value=\"5.8.7\" \/>\n<input type=\"hidden\" name=\"_wpcf7_locale\" value=\"es_ES\" \/>\n<input type=\"hidden\" name=\"_wpcf7_unit_tag\" value=\"wpcf7-f549-o1\" \/>\n<input type=\"hidden\" name=\"_wpcf7_container_post\" value=\"0\" \/>\n<input type=\"hidden\" name=\"_wpcf7_posted_data_hash\" value=\"\" \/>\n<input type=\"hidden\" name=\"_wpcf7_recaptcha_response\" value=\"\" \/>\n<\/div>\n<p><label> Tu nombre<br \/>\n<span class=\"wpcf7-form-control-wrap\" data-name=\"your-name\"><input size=\"40\" class=\"wpcf7-form-control wpcf7-text wpcf7-validates-as-required\" aria-required=\"true\" aria-invalid=\"false\" value=\"\" type=\"text\" name=\"your-name\" \/><\/span> <\/label>\n<\/p>\n<p><label> Empresa o Cooperativa<br \/>\n<span class=\"wpcf7-form-control-wrap\" data-name=\"empresa\"><input size=\"40\" class=\"wpcf7-form-control wpcf7-text\" aria-invalid=\"false\" value=\"\" type=\"text\" name=\"empresa\" \/><\/span> <\/label>\n<\/p>\n<p><label> Tel\u00e9fono<br \/>\n<span class=\"wpcf7-form-control-wrap\" data-name=\"telefono\"><input size=\"40\" class=\"wpcf7-form-control wpcf7-text\" aria-invalid=\"false\" value=\"\" type=\"text\" name=\"telefono\" \/><\/span> <\/label>\n<\/p>\n<p><label> Tu correo electr\u00f3nico<br \/>\n<span class=\"wpcf7-form-control-wrap\" data-name=\"your-email\"><input size=\"40\" class=\"wpcf7-form-control wpcf7-email wpcf7-validates-as-required wpcf7-text wpcf7-validates-as-email\" aria-required=\"true\" aria-invalid=\"false\" value=\"\" type=\"email\" name=\"your-email\" \/><\/span> <\/label>\n<\/p>\n<p><label> Mensaje (opcional)<br \/>\n<span class=\"wpcf7-form-control-wrap\" data-name=\"your-message\"><textarea cols=\"40\" rows=\"10\" class=\"wpcf7-form-control wpcf7-textarea\" aria-invalid=\"false\" name=\"your-message\"><\/textarea><\/span> <\/label>\n<\/p>\n<p><input class=\"wpcf7-form-control wpcf7-submit has-spinner\" type=\"submit\" value=\"Enviar\" \/>\n<\/p><div class=\"wpcf7-response-output\" aria-hidden=\"true\"><\/div>\n<\/form>\n<\/div>\n[\/et_pb_code][\/et_pb_column][\/et_pb_row][\/et_pb_section]<\/p>\n","protected":false},"excerpt":{"rendered":"<p>[et_pb_section bb_built=\u00bb1&#8243; _builder_version=\u00bb3.0.47&#8243;][et_pb_row _builder_version=\u00bb3.0.48&#8243; background_size=\u00bbinitial\u00bb background_position=\u00bbtop_left\u00bb background_repeat=\u00bbrepeat\u00bb][et_pb_column type=\u00bb4_4&#8243;][et_pb_text _builder_version=\u00bb3.21.1&#8243; text_font_size=\u00bb16px\u00bb z_index_tablet=\u00bb500&#8243;] As\u00ed como me lo cuentan mis clientes, se muy bien que imprimir y enviar las facturas de tus abonados, asociados o clientes es una tarea que lleva varias horas de trabajo y que en muchas oportunidades, cuando la zona de distribuci\u00f3n es amplia, ni [&hellip;]<\/p>\n","protected":false},"author":2,"featured_media":0,"parent":0,"menu_order":0,"comment_status":"closed","ping_status":"closed","template":"","meta":{"_et_pb_use_builder":"on","_et_pb_old_content":""},"yoast_head":"<!-- This site is optimized with the Yoast SEO plugin v21.8.1 - https:\/\/yoast.com\/wordpress\/plugins\/seo\/ -->\n<title>Factura Electr\u00f3nica - Pixiacom<\/title>\n<meta name=\"robots\" content=\"index, follow, max-snippet:-1, max-image-preview:large, max-video-preview:-1\" \/>\n<link rel=\"canonical\" href=\"https:\/\/pixiacom.com.ar\/index.php\/factura-electronica\/\" \/>\n<meta property=\"og:locale\" content=\"es_ES\" \/>\n<meta property=\"og:type\" content=\"article\" \/>\n<meta property=\"og:title\" content=\"Factura Electr\u00f3nica - Pixiacom\" \/>\n<meta property=\"og:description\" content=\"[et_pb_section bb_built=\u00bb1&#8243; _builder_version=\u00bb3.0.47&#8243;][et_pb_row _builder_version=\u00bb3.0.48&#8243; background_size=\u00bbinitial\u00bb background_position=\u00bbtop_left\u00bb background_repeat=\u00bbrepeat\u00bb][et_pb_column type=\u00bb4_4&#8243;][et_pb_text _builder_version=\u00bb3.21.1&#8243; text_font_size=\u00bb16px\u00bb z_index_tablet=\u00bb500&#8243;] As\u00ed como me lo cuentan mis clientes, se muy bien que imprimir y enviar las facturas de tus abonados, asociados o clientes es una tarea que lleva varias horas de trabajo y que en muchas oportunidades, cuando la zona de distribuci\u00f3n es amplia, ni [&hellip;]\" \/>\n<meta property=\"og:url\" content=\"https:\/\/pixiacom.com.ar\/index.php\/factura-electronica\/\" \/>\n<meta property=\"og:site_name\" content=\"Pixiacom\" \/>\n<meta property=\"article:modified_time\" content=\"2021-09-06T17:15:10+00:00\" \/>\n<meta name=\"twitter:card\" content=\"summary_large_image\" \/>\n<meta name=\"twitter:label1\" content=\"Tiempo de lectura\" \/>\n\t<meta name=\"twitter:data1\" content=\"6 minutos\" \/>\n<script type=\"application\/ld+json\" class=\"yoast-schema-graph\">{\"@context\":\"https:\/\/schema.org\",\"@graph\":[{\"@type\":\"WebPage\",\"@id\":\"https:\/\/pixiacom.com.ar\/index.php\/factura-electronica\/\",\"url\":\"https:\/\/pixiacom.com.ar\/index.php\/factura-electronica\/\",\"name\":\"Factura Electr\u00f3nica - Pixiacom\",\"isPartOf\":{\"@id\":\"https:\/\/pixiacom.com.ar\/#website\"},\"datePublished\":\"2020-05-08T22:43:08+00:00\",\"dateModified\":\"2021-09-06T17:15:10+00:00\",\"breadcrumb\":{\"@id\":\"https:\/\/pixiacom.com.ar\/index.php\/factura-electronica\/#breadcrumb\"},\"inLanguage\":\"es\",\"potentialAction\":[{\"@type\":\"ReadAction\",\"target\":[\"https:\/\/pixiacom.com.ar\/index.php\/factura-electronica\/\"]}]},{\"@type\":\"BreadcrumbList\",\"@id\":\"https:\/\/pixiacom.com.ar\/index.php\/factura-electronica\/#breadcrumb\",\"itemListElement\":[{\"@type\":\"ListItem\",\"position\":1,\"name\":\"Portada\",\"item\":\"https:\/\/pixiacom.com.ar\/\"},{\"@type\":\"ListItem\",\"position\":2,\"name\":\"Factura Electr\u00f3nica\"}]},{\"@type\":\"WebSite\",\"@id\":\"https:\/\/pixiacom.com.ar\/#website\",\"url\":\"https:\/\/pixiacom.com.ar\/\",\"name\":\"Pixiacom\",\"description\":\"Ingenier\u00eda en Sistemas\",\"potentialAction\":[{\"@type\":\"SearchAction\",\"target\":{\"@type\":\"EntryPoint\",\"urlTemplate\":\"https:\/\/pixiacom.com.ar\/?s={search_term_string}\"},\"query-input\":\"required name=search_term_string\"}],\"inLanguage\":\"es\"}]}<\/script>\n<!-- \/ Yoast SEO plugin. -->","yoast_head_json":{"title":"Factura Electr\u00f3nica - Pixiacom","robots":{"index":"index","follow":"follow","max-snippet":"max-snippet:-1","max-image-preview":"max-image-preview:large","max-video-preview":"max-video-preview:-1"},"canonical":"https:\/\/pixiacom.com.ar\/index.php\/factura-electronica\/","og_locale":"es_ES","og_type":"article","og_title":"Factura Electr\u00f3nica - Pixiacom","og_description":"[et_pb_section bb_built=\u00bb1&#8243; _builder_version=\u00bb3.0.47&#8243;][et_pb_row _builder_version=\u00bb3.0.48&#8243; background_size=\u00bbinitial\u00bb background_position=\u00bbtop_left\u00bb background_repeat=\u00bbrepeat\u00bb][et_pb_column type=\u00bb4_4&#8243;][et_pb_text _builder_version=\u00bb3.21.1&#8243; text_font_size=\u00bb16px\u00bb z_index_tablet=\u00bb500&#8243;] As\u00ed como me lo cuentan mis clientes, se muy bien que imprimir y enviar las facturas de tus abonados, asociados o clientes es una tarea que lleva varias horas de trabajo y que en muchas oportunidades, cuando la zona de distribuci\u00f3n es amplia, ni [&hellip;]","og_url":"https:\/\/pixiacom.com.ar\/index.php\/factura-electronica\/","og_site_name":"Pixiacom","article_modified_time":"2021-09-06T17:15:10+00:00","twitter_card":"summary_large_image","twitter_misc":{"Tiempo de lectura":"6 minutos"},"schema":{"@context":"https:\/\/schema.org","@graph":[{"@type":"WebPage","@id":"https:\/\/pixiacom.com.ar\/index.php\/factura-electronica\/","url":"https:\/\/pixiacom.com.ar\/index.php\/factura-electronica\/","name":"Factura Electr\u00f3nica - Pixiacom","isPartOf":{"@id":"https:\/\/pixiacom.com.ar\/#website"},"datePublished":"2020-05-08T22:43:08+00:00","dateModified":"2021-09-06T17:15:10+00:00","breadcrumb":{"@id":"https:\/\/pixiacom.com.ar\/index.php\/factura-electronica\/#breadcrumb"},"inLanguage":"es","potentialAction":[{"@type":"ReadAction","target":["https:\/\/pixiacom.com.ar\/index.php\/factura-electronica\/"]}]},{"@type":"BreadcrumbList","@id":"https:\/\/pixiacom.com.ar\/index.php\/factura-electronica\/#breadcrumb","itemListElement":[{"@type":"ListItem","position":1,"name":"Portada","item":"https:\/\/pixiacom.com.ar\/"},{"@type":"ListItem","position":2,"name":"Factura Electr\u00f3nica"}]},{"@type":"WebSite","@id":"https:\/\/pixiacom.com.ar\/#website","url":"https:\/\/pixiacom.com.ar\/","name":"Pixiacom","description":"Ingenier\u00eda en Sistemas","potentialAction":[{"@type":"SearchAction","target":{"@type":"EntryPoint","urlTemplate":"https:\/\/pixiacom.com.ar\/?s={search_term_string}"},"query-input":"required name=search_term_string"}],"inLanguage":"es"}]}},"_links":{"self":[{"href":"https:\/\/pixiacom.com.ar\/index.php\/wp-json\/wp\/v2\/pages\/17"}],"collection":[{"href":"https:\/\/pixiacom.com.ar\/index.php\/wp-json\/wp\/v2\/pages"}],"about":[{"href":"https:\/\/pixiacom.com.ar\/index.php\/wp-json\/wp\/v2\/types\/page"}],"author":[{"embeddable":true,"href":"https:\/\/pixiacom.com.ar\/index.php\/wp-json\/wp\/v2\/users\/2"}],"replies":[{"embeddable":true,"href":"https:\/\/pixiacom.com.ar\/index.php\/wp-json\/wp\/v2\/comments?post=17"}],"version-history":[{"count":27,"href":"https:\/\/pixiacom.com.ar\/index.php\/wp-json\/wp\/v2\/pages\/17\/revisions"}],"predecessor-version":[{"id":550,"href":"https:\/\/pixiacom.com.ar\/index.php\/wp-json\/wp\/v2\/pages\/17\/revisions\/550"}],"wp:attachment":[{"href":"https:\/\/pixiacom.com.ar\/index.php\/wp-json\/wp\/v2\/media?parent=17"}],"curies":[{"name":"wp","href":"https:\/\/api.w.org\/{rel}","templated":true}]}}